- 34) + -164.
-72
What is the value of (40 - 2 - (-52 + 75)) + (-3 - -2)?
14
What is the value of -1544 + 1494 - (-3 + 21)?
-68
Calculate 26 + (2 - 0) + (-10 - 10) + 26 + -15.
19
71 - (-10 + 31 + -9 + 3 + -25)
81
What is 63 + (5 - (-3 - -9)) + (65 - 69)?
58
Evaluate -12 - (4 - (-25 - -17 - -27)) - 70.
-67
Calculate -57 - (-128 - -86 - 24).
9
Calculate 15 + -6 + -5 + 10 + 39 + 16 + -58.
11
What is the value of -14 - ((-2 - -15) + (36 - 17 - 41))?
-5
What is (19 + -33 - 104) + (291 - 265)?
-92
What is the value of -36 - (1 - 11) - -14 - -124?
112
Evaluate -2 - (-30 + -39 - -179).
-112
What is the value of 49 + 0 + (47 - 23 - 48)?
25
What is (331 + -326 + -17 + 0 - -11) + 14?
13
Calculate -7 + 80 + -35 + -106.
-68
What is (3 - (19 + -11)) + -1 + (19 - 7)?
6
Calculate -129 + 202 + -92 - (-71 - -1).
51
What is 36 + (-14 - 81 - -36)?
-23
Evaluate 16 - ((559 - 569) + (1 + -1 - 4)).
30
Calculate (-20 - (-101 - -71)) + -12.
-2
Evaluate (-1 - -73) + (-8 - (-85 - -105)).
44
What is the value of -12 + 24 - ((-1 - (-8 + -2) - 1) + 112)?
-108
Evaluate (6 - (7 + -60)) + -107.
-48
Evaluate 21 + (44 - 39) - (23 - 0).
3
545 + -565 - ((-2 - -3) + -18)
-3
Calculate 20 - (-29 - -60 - 56).
45
Evaluate -30 + (-52 - (-54 + -46)).
18
-154 - (-91 - 4) - -18
-41
What is the value of -18 + (33 - 13 - 7) + 4 + -7?
-8
What is the value of 5 + 0 + 318 + -316 - 44?
-37
Evaluate (26 - ((-26 - -28) + 22)) + (-9 - 2).
-9
16499 + -16504 - (7 - (0 + 1))
-11
What is 24 + 1 - (5 + 2 + (349 - 362))?
31
Calculate (-1 - -12 - 16 - -22) + -10 + -41 + 9.
-25
Evaluate 827 - 842 - ((-5 - 18) + -2).
10
Evaluate 10 - (-31 - 10 - -13 - -19).
19
What is the value of (22 - 88) + 156 - 121?
-31
9 + (-26 + 6 - -57) + 15
61
Calculate -27 + 41 + -55 - -76.
35
What is -69 - (-205 + 221 - (8 - (-2 + 0)))?
-75
What is 20 - (7 + 12 + 105 + -93)?
-11
What is the value of (-13 - -2) + (-50 + 39 - (-7 - 4)) + 57?
46
Evaluate (-4 - 0) + 23 + 75 + -134.
-40
-1 + -43 + (-6 - -19 - 10) + 10
-31
Calculate 4 - (7 - -10) - (320 - 282).
-51
Evaluate -70 - (-43 + 44 + -45).
-26
What is (-1 - 0) + (47 - 99) + 45 + -1 + 97?
88
What is (15 + -40 - (-18 + -10) - (0 + 16)) + 108?
95
Evaluate 0 - (-96 - -89 - (-1 + 5 - (18 + 1))).
-8
Calculate 36 + -184 + (344 - 155).
41
Calculate 4 + (-6 - (-18 + 2 - -8) - -3) - -50.
59
Calculate (2 - 59) + -88 + 13 + 81.
-51
15 + 2 + -110 + 117 + -14
10
Evaluate -42 + (18 - -9) - (-22 - (2 + -5)).
4
What is -3 + (-21 - 20) - (-13 + (-18 - -31))?
-44
24 + 0 + (-18 + 20 - -8)
34
Evaluate 21 - (6 - (12 - 3 - (-8 + 16))).
16
Calculate -7 + (23 - 0 - (45 - 83 - -45)).
9
What is (1 - -6 - (15 + (3 - 22))) + (-85 - -13)?
-61
Evaluate -5 - -8 - 119 - (-13 - (25 + -24 - 6)).
-108
What is -38 + -39 + 42 + 33 + (-35 - 0)?
-37
Evaluate 13 - 26 - -48 - 30.
5
What is the value of (0 - (2 + 1 - -1)) + -112 + 547 + -383?
48
(-44 - (47 - 96)) + -19
-14
What is -5 - (13 + (5 - 18) + 13 + -23)?
5
Evaluate -2 + 9 + -27 + (127 - 47).
60
-34 - (25 - (23 + 59))
23
Evaluate (-16 - -1) + (-104 - -12) + 1 + (-139 - -124).
-121
Calculate (21 - -2 - 22 - 11) + 3.
-7
What is the value of -3 + (-36 - 3) - (-36 + -21 - -54)?
-39
What is the value of -12 + (73 - 102) - (-18 + 3 - 2)?
-24
Evaluate (-16 + 32 - -35 - (3 + -9 + -1)) + -10.
48
Evaluate (825 - 841) + (2 + -2 - 1) + (2 - 2).
-17
What is 7 + -18 + (-44 + 64 - (18 - (3 + 3)))?
-3
Evaluate -2 + 5 + (-20 + -23 + -7 - (-6 + 20)).
-61
Calculate -6 + (1 + -3 + 2 - (-201 - -197)).
-2
Evaluate -7 + (-14 - (-3 + 133)) - (-15 + 1 + 3).
-140
What is the value of -23 + (-29 - -2) + 20 + 13?
-17
Calculate 7 - 12 - (70 - (-34 - -61)).
-48
What is the value of (-16 + 21 - (1 - 5)) + (3 - 7 - 129)?
-124
Calculate 95 + 136 + -258 + 125.
98
Calculate (5 + -9 - -13) + 9 + -79 + 59.
-2
17 + (11 + -4 - 31 - -9 - -2)
4
Evaluate 2 + -27 - (132 + -55 - 128).
26
What is -16 - (-3 - -19) - (111 - 65)?
-78
What is the value of -45 - -67 - 23 - (5 + (-1 - -2)) - -1?
-6
14 - ((37 - 45) + 13 + 9)
0
24 + 68 + -141 + 12
-37
What is the value of 414 - 412 - ((-2 - -5) + (0 - (-10 + 1)))?
-10
What is -17 + (-20 + 12 + 9 - 8 - -94)?
70
Evaluate -110 + 0 - (-14395 + 14357).
-72
2 + 29 + -1523 + 1541
49
Calculate 254 + -272 - (-8 + 4 - 8).
-6
-10 - (2 + -9) - (83 - 65)
-21
54 + (-16 - 12) - (-3 - (-10 - 6))
13
What is -2 + -72 + (9 - 6) + (-1379 - -1370)?
-80
Evaluate -4 - (55 + 9 + 17 + -33 + 13).
-65
Evaluate 86 + (-17 - 1) + -14 - 20.
34
-1 - (5 + 21) - ((-2 + -1 - 3) + 13)
-34
Evaluate 745 + -654 - (122 + 3).
-34
Evaluate 3 - (45 + 13 + -54 + 16).
-17
Evaluate 6 + (0 - (29 + -16)) - 11.
-18
(41 + -39 - (-6 - 1)) + 23 + 3
35
What is (-1 - 66 - 0) + (-19 - -32) + (-20 - -6)?
-68
What is the value of -22 + -2 + 195 + -151?
20
-19 + (11 - 27) - (-30 + 103)
-108
What is the value of (2 - (7 + -3 + 1)) + (27 - -10) + -16?
18
Calculate 46 - (4 + (14 - 24 - -4) + 12).
36
-4994 + 5027 + -1 + 2
34
Evaluate -144 + 202 + 121 + -142.
37
What is the value of -28 - (7 - (6 - -2) - -12) - 0?
-39
What is 51 + -34 - -53 - 41?
29
Evaluate 2 + 46 + 8 + (4 - (-2 + 14 - -4)).
44
What is (27 - (0 + (14 - 7))) + 12?
32
What is the value of -40 + -2 + -9 - (402 - 395)?
-58
(-13 - (37 + -7)) + 161 + -2
116
Calculate (-60 - (-102 - 5)) + -11 + -39.
-3
What is -24 + 9 + 38 + -42 + (63 - -1)?
45
What is the value of 1 + 9 + 17 + (-79 - -123)?
71
-34 + 22 + 52 - (8 - 13 - (1 - -4))
50
What is -36 + (-24 - (-6 + -5) - -33 - 11)?
-27
What is 65 - (-26 - (-88 + 45))?
48
What is (89 - (83 + -10)) + -18?
-2
Calculate -112 + (86 - 26) + 6.
-46
Evaluate 113 + -36 + (4 + -35 - -10).
56
What is the value of (6 - (14 + (-27 - -3))) + 29?
45
Calculate -18 + 7 + (-2 + 0 - -1) + (17 - 19).
-14
What is 51 + -27 + (34 - -23)?
81
What is -24 - (-28 + -28 + -22)?
54
Evaluate (-29 - 2) + 15 + (-2 - (26 + -14)).
-30
-9 + (-6 - (-7 + -26)) - 63
-45
What is the value of (-43 - 5) + 319 + -173?
98
9 + 2 + 0 + (4 - 2) - (-708 - -706)
15
Evaluate -211 - -184 - (1 - 1) - (8 - (1 - 2)).
-36
What is 44 + (58 - -60) - 45?
117
Calculate 2 + -9 + (-51 + 44 - (-3 + -25 + 3)).
11
-18 + -33 + 24 + 2 + -75
-100
What is -3 - ((9 - 4) + -89 + (2 - (10 - 11)))?
78
Evaluate -55 + (5 - 4 - (-34 + 18)).
-38
70 + -107 + 129 + -42
50
Evaluate -7 + 3 + -8 + 2 + (29 - 42 - -7).
-16
Calculate 601 + -603 + (3 + -7 - (-5 - -56)).
-57
What is the value of -131 + 165 + (-37 - 3)?
-6
Calculate 11 + -33 + 9 - ((3 - -6) + 36).
-58
Evaluate (35 + -36 + 41 - -10) + -1 + 0.
49
Calculate -2 - (-3 + (-84 - 2)) - (14 + -1).
74
What is the value of 13 - 33 - ((-21 - -29) + -25)?
-3
128 + -204 - (3 + 2 + -12 + -1 + -1)
-67
Evaluate -2 + (6 - (10 + 4)) - (-46 - -2).
34
(44 - 107) + 71 + 25
33
Evaluate -21 - (19 + (-25 - 5 - 18)).
8
Evaluate -18 - 13 - -32 - (0 - 0) - 33.
-32
-80 + -1 + (-25 - -27) + 19 + -6
-66
What is the value of 64 + 18 + -38 + -3?
41
What is -69 + (-130 + 149 - (9 + -1)) - (0 + -11)?
-47
Evaluate 93 + 7 + -2 + (9 - -12) + -34.
85
Calculate -43 + -87 + 7 - (-21 - 3).
-99
(-25 + 23 - -91) + -96
-7
-22 + -569 + 589 + 28 + 0
26
Evaluate -14 + (-47 - -74) + -1 + -1.
11
What is the value of -485 + 322 + (150 - 15)?
-28
(2 - 21) + -77 + 12 - -26
-58
Evaluate (-35 - (-51 + 17)) + 42.
41
Evaluate (-18 - 5) + (11 + -38 - -30).
-20
Calculate -50 + (75 - (65 + 38)).
-78
Evaluate (-25 + 1 - ((50 - 29) + -65)) + -52.
-32
Calculate 35 + (-27 - -12 - -48) + -10.
58
What is the value of 2 + -21 - (9 + (15 - 8) + -15)?
-20
Calculate (-26 - 1) + 19 - (-9 + -2).
3
Evaluate 115 + -2 + -2 - (30 - (-13 - -34)).
102
What is the value of -79 - -99 - (-3 - -16) - 5?
2
What is the value of (-4 + (-112 - (-10 + 2)) - -15) + 1?
-92
Calculate (5 - 8) + 9 + (-7 - -11) - 70.
-60
What is -64 - (1 - (-76 + 90 - (0 + 7) - 9))?
-67
Calculate -4 - -3 - 10 - -6 - (-3 - -31) - -2.
-31
Calculate ((-13 - -26) + 9 - 3) + -3 + -7.
9
What is the value of 79 + (-50 - 13) - (-1 + 15) - 23?
-21
Evaluate 7 - -3 - (2929 + -2900).
-19
Calculate 46 + -68 - (0 + 0 + -44 + 3).
19
What is (-103 - -43) + 20 + (-2 - -7) + 15?
-20
What is -49 + -14 + -6 + (15 - (7 - 9))?
-52
Evaluate 15 - (-6 + 3 + -6 + -8 + 16).
16
34 + (36 - (-36 - -29))
77
Evaluate (0 - 11 - (40 + -22 + (2 - 23))) + 26.
18
What is 412 + -306 - (-15 + 79)?
42
What is the value of (-12 - 6) + 642 + -585?
39
Evaluate (-7 + 34 - 14 - 12) + -1